t is -110000212221011 - 1?
-110000212221012
In base 3, what is 2 - -11111102102220?
11111102102222
In base 13, what is 1946 + 3b06?
574c
In base 2, what is 110110011110010010 - 111010?
110110011101011000
In base 3, what is -110 + 2012100202222?
2012100202112
In base 13, what is -48c7672 - -24?
-48c764b
In base 5, what is -1 - 33404014330?
-33404014331
In base 9, what is -5 - 130364154?
-130364160
In base 3, what is 112211001202 - -210?
112211002112
In base 11, what is -14466320 - -4?
-14466317
In base 9, what is -1164202 - 33?
-1164235
In base 14, what is -149c43 + 3c?
-149c05
In base 2, what is -11111 - 110110100011110010010?
-110110100011110110001
In base 2, what is 101011010000 - 1100101000100100?
-1011111101010100
In base 15, what is -3 - -27d393?
27d390
In base 5, what is -10231 + 32132112?
32121331
In base 6, what is -3034224 - 241?
-3034505
In base 9, what is -8 - -6033358?
6033350
In base 15, what is 255b34 - 0?
255b34
In base 12, what is -992 - -421?
-571
In base 14, what is 63826cb + 21?
638270c
In base 14, what is 10b - -2b008?
2b115
In base 8, what is 3434410 - 27?
3434361
In base 6, what is 4232502 + -241?
4232221
In base 15, what is bb59 + -96?
bab3
In base 4, what is -3 + -222022220010?
-222022220013
In base 3, what is 12202122112001 - -1220?
12202122120221
In base 2, what is 11110001010 + 11110110010010?
100010100011100
In base 8, what is 6377410 + -367?
6377021
In base 4, what is 31133001 + 1131?
31200132
In base 14, what is 149 - 3ac74d?
-3ac604
In base 2, what is 1100111 + 111010100110110?
111010110011101
In base 13, what is 0 + c6638?
c6638
In base 12, what is -24747 - -8?
-2473b
In base 13, what is -886ca + 93?
-88637
In base 11, what is -3 + 28a01979?
28a01976
In base 7, what is 103624300 - 5?
103624262
In base 2, what is -10000101011110110010 + -1?
-10000101011110110011
In base 5, what is -114124420211 + -4?
-114124420220
In base 14, what is 0 - -14930288?
14930288
In base 4, what is -101022330332 - 10?
-101022331002
In base 5, what is -124322000301 + 1?
-124322000300
In base 2, what is -100 + -111000011111010000110000?
-111000011111010000110100
In base 3, what is 0 - 20022011111101022?
-20022011111101022
In base 12, what is 3 + 537852?
537855
In base 13, what is -171a0 + 1017?
-16186
In base 5, what is 23341231 + -21?
23341210
In base 5, what is -114411 - -14332?
-100024
In base 3, what is -102010210020211022 - 12?
-102010210020211111
In base 11, what is -426866 - 50?
-426906
In base 5, what is 13 + -113104102311?
-113104102243
In base 14, what is 4 + 18d60bbd?
18d60bc3
In base 12, what is -2 + -1600211?
-1600213
In base 13, what is -4 + 2c9b412?
2c9b40b
In base 5, what is -2241333 + 12?
-2241321
In base 9, what is -633 - -3146?
2413
In base 7, what is -142242325 + 231?
-142242064
In base 4, what is 131020013333001 + 11?
131020013333012
In base 5, what is -3144020214 - 1133?
-3144021402
In base 3, what is -12200 + 10001210?
2212010
In base 4, what is 213103210312 + -100?
213103210212
In base 8, what is -2175 - 2324?
-4521
In base 11, what is a - 15210771?
-15210762
In base 11, what is -406a83 - -2?
-406a81
In base 2, what is -1100010100000101101 - 1000110?
-1100010100001110011
In base 12, what is -131832 - 34?
-131866
In base 9, what is -26762185 + 11?
-26762174
In base 14, what is 5 + 48c4c?
48c53
In base 6, what is 10 - 443124420?
-443124410
In base 16, what is 5 + a25c367?
a25c36c
In base 14, what is -1717010b + -5?
-17170112
In base 7, what is -1 + 305004316?
305004315
In base 15, what is -2 - 691cd1?
-691cd3
In base 2, what is 11111000011010001100 - -1000?
11111000011010010100
In base 11, what is 5 - 3645827?
-3645822
In base 8, what is 17436461 - -14?
17436475
In base 16, what is -16 - -3ebad?
3eb97
In base 16, what is -1 + 6e70a?
6e709
In base 7, what is -6102 - -23300?
14165
In base 7, what is -2565 - 462131?
-465026
In base 5, what is -20012040 - 22231?
-20034321
In base 4, what is 1310 - -1132232231?
1132300201
In base 15, what is 34 - 431155?
-431121
In base 5, what is 21224344 - 22?
21224322
In base 16, what is -88b - 3b?
-8c6
In base 10, what is -50 - -143723?
143673
In base 3, what is -121001200010222 - -1?
-121001200010221
In base 8, what is -314 + -2264022?
-2264336
In base 7, what is -33204214316 - -3?
-33204214313
In base 6, what is 5 - 5541233244?
-5541233235
In base 13, what is 4 - -8668846?
866884a
In base 12, what is 4a0 + -3325?
-2a45
In base 11, what is -538969 + aa?
-53886a
In base 12, what is 63284 + b92?
64256
In base 13, what is 102 + -2acb3?
-2abb1
In base 7, what is -403 + 13102054?
13101351
In base 12, what is 7800ab5 + 0?
7800ab5
In base 10, what is 37339 + -607?
36732
In base 13, what is -c0a050 - 1a?
-c0a06a
In base 16, what is -bf68e + -4?
-bf692
In base 12, what is -72 + 3a54b8?
3a5446
In base 7, what is -3 + -454600132?
-454600135
In base 10, what is -1153 + -180726?
-181879
In base 11, what is 123a64 - -1464?
125418
In base 14, what is -4268 + -c91?
-5119
In base 7, what is -15150 - -1443?
-13404
In base 15, what is -37 - -54dbd2?
54db9a
In base 2, what is -1101010001110011101010 + -100?
-1101010001110011101110
In base 12, what is 29a9 + b301?
120aa
In base 16, what is 15ba + -6e4?
ed6
In base 14, what is -4c - 1322b5?
-132323
In base 13, what is -9461829 + -4?
-9461830
In base 5, what is -1010211 + 241?
-1004420
In base 7, what is -11016 + -231121?
-242140
In base 2, what is -1100111111000 - -10100000110?
-1010011110010
In base 12, what is -134374 - 197?
-13454b
In base 8, what is 4025205 - 257?
4024726
In base 16, what is -1c - 64787a?
-647896
In base 11, what is 42 + 273647?
273689
In base 5, what is 2334231 - -2033243?
4423024
In base 6, what is 311421 + 54124?
405545
In base 7, what is 2261352 - -31?
2261413
In base 2, what is -110111010110 - 10100011101111?
-11011011000101
In base 14, what is 142a45 - 5?
142a40
In base 11, what is -4a12603 - -1?
-4a12602
In base 3, what is -1022022012211 - 112?
-1022022020100
In base 13, what is 4bcb8 + ac?
4c097
In base 12, what is -1a - -2399?
237b
In base 6, what is -305 - -3520?
3211
In base 10, what is -60 - 667958?
-668018
In base 13, what is 7 + 4862cba?
4862cc4
In base 3, what is -210122012112 + -2002111?
-210201022000
In base 3, what is 111 + 2020110021200002?
2020110021200120
In base 11, what is 77384 + -5490?
719a4
In base 8, what is -13 + 3601731?
3601716
In base 11, what is 73086 + 3a9?
73484
In base 3, what is -202001020202211 + -10?
-202001020202221
In base 11, what is 1122a704 - 5?
1122a6aa
In base 7, what is 3 - -441101452?
441101455
In base 8, what is 43 + 164413?
164456
In base 2, what is -1100001011 - -110100111?
-101100100
In base 13, what is 1c667 - 1b7?
1c480
In base 3, what is -21110121112111 + 1?
-21110121112110
In base 15, what is 3 + 33de7d?
33de81
In base 12, what is 9a75596 + -1?
9a75595
In base 12, what is 2a815 + 202?
2aa17
In base 12, what is -4006 + -18274?
-2027a
In base 9, what is 843 + 68128?
70072
In base 15, what is -120cc + -a4?
-12181
In base 12, what is 188 - -890b4?
89280
In base 15, what is 2 - -bc2da0?
bc2da2
In base 15, what is 8a1ed + 1c9?
8a3c7
In base 2, what is -1100101 - 1011101110101111000110?
-1011101110110000101011
In base 13, what is 3 - 882618?
-882615
In base 5, what is 201 + -433404244?
-433404043
In base 10, what is -4 + -8734181?
-8734185
In base 2, what is 11100101 + -110111011001110?
-110110111101001
In base 15, what is 4e1da0 + 8?
4e1da8
In base 9, what is 256301 - 24?
256266
In base 7, what is 1210625 + -111?
1210514
In base 5, what is 2113421 - 2214?
2111202
In base 2, what is 100000011110111111101111011 + -11?
100000011110111111101111000
In base 2, what is 1110111 + -10000100000111001010?
-10000100000101010011
In base 5, what is -1023223 - 223?
-1024001
In base 9, what is 17540 - 330?
17210
In base 4, what is -2222111213133 - -10?
-2222111213123
In base 6, what is 3 + 235320412?
235320415
In base 6, what is 210331140 - 11?
210331125
In base 14, what is -563d6 - -dc3?
-55413
In base 16, what is -4ee58f5 - -7?
-4ee58ee
In base 5, what is -3 + -141032243?
-141032301
In base 7, what is 425443 - -3?
425446
In base 14, what is 22948a + -87?
229403
In base 10, what is 463 + 6381?
6844
In base 12, what is -46 + 30b8?
3072
In base 9, what is 0 + 26586785?
26586785
In base 4, what is 